. Calculate the highest common factor of x and j.
9
Suppose 37 = 8*c + 13. Suppose 0 = r - 4*r - 3*t + 315, -15 = -c*t. What is the highest common factor of 20 and r?
20
Let y(h) = -h**3 - 3*h**2 - 7*h - 17. Let m be y(-3). Suppose -2*w = m*j - 36, -5 = -3*w - j + 49. Calculate the greatest common factor of 2 and w.
2
Let w = -721 + 723. Let g = 5 + -1. Calculate the highest common divisor of w and g.
2
Let j(b) = -b**3 + 6*b**2 - 1. Let c be j(6). Let a be (c/(-3))/((-1)/3). Let u be (-34)/a + (0 - -1). Calculate the greatest common divisor of u and 7.
7
Let w be 158/5 + 9/(-15). Suppose 3*m - 215 = 250. Calculate the highest common divisor of m and w.
31
Suppose -69 = -l - 0*n + 2*n, 3*l - 228 = -n. Suppose -9*c = 138 - 273. What is the highest common factor of c and l?
15
Let c be 4/(-6) - (-24)/36. Suppose -4*i - i + 240 = c. Calculate the greatest common divisor of i and 12.
12
Suppose -9*x + 750 = 246. What is the highest common factor of 196 and x?
28
Let m(l) = l**2 - 30*l + 81. Let y be m(27). Let i be 12/24*(7 - (y + -1)). Calculate the greatest common divisor of i and 28.
4
Let x = -56 - -144. Suppose 17*c - 35 = -5*s + 12*c, -2*c - 26 = -3*s. Calculate the highest common factor of s and x.
8
Let k(m) = 46*m + 372. Let p be k(-7). What is the highest common factor of 275 and p?
25
Suppose -54 = 17*a - 20*a. Calculate the highest common factor of 18 and a.
18
Suppose 8 = 4*x - 4. Suppose 3*m = -x*k + 45, 2*m - 3*m - 29 = -3*k. Suppose -17*z = -15*z - 2. Calculate the greatest common divisor of z and k.
1
Let i = -6 - -10. Let j be ((-8)/(-7) + 4)/(3/14). What is the highest common divisor of j and i?
4
Let f be (4 + -5)*-20 + (-3 - -7). Calculate the highest common factor of 16 and f.
8
Let t(g) be the first derivative of -8*g**3/3 - g**2/2 - 6. Let n be t(-1). Let f be ((-2)/(-6))/(n/(-714)). What is the greatest common factor of f and 85?
17
Let d(u) = -4 - 16*u**2 + 2 - 1 - 10*u + 8*u**2 - u**3. Let r be d(-7). What is the greatest common factor of r and 2?
2
Let t be -2*(-2 - (2 + -3)). Suppose -w - 12 = 2*w, o - 66 = t*w. What is the highest common divisor of o and 87?
29
Suppose -24 = 4*w + r - 9, -4*w + 5*r = 21. Let j be (-4 + w)*(-3 + 7/(-2)). Calculate the greatest common divisor of 4 and j.
4
Let f(p) = -p + 6. Let y be f(4). Suppose y*z + 83 = 137. Suppose 4*c = -3*u + 537, 3*c - u + 3*u - 403 = 0. What is the greatest common divisor of c and z?
27
Suppose 5*i - 261 - 94 = 0. Calculate the greatest common factor of i and 71.
71
Suppose 2*r = -11 + 47. Suppose -2*b + r = -16. Let v = b + 1. Calculate the highest common divisor of 36 and v.
18
Suppose 2*y = 8*y + 300. Let n = y + 95. What is the greatest common factor of 18 and n?
9
Suppose 6*f - 3*f + 5*b - 112 = 0, b = 2*f - 92. What is the greatest common divisor of f and 20?
4
Let f = 843 - 833. Let k(x) = 2*x**2 - 6*x + 2. Let o be k(-6). What is the highest common divisor of f and o?
10
Suppose -12*t - 8 = -16*t. Suppose -3*b + 183 = -4*a, -80 = -b + t*a - 17. Calculate the highest common factor of b and 19.
19
Suppose -4*n + 4 = 2*y - 86, -y + 65 = 3*n. Calculate the greatest common divisor of n and 18.
2
Suppose -2*d + 115 = -3*y, 5*d - 3*d = -2*y + 120. Calculate the highest common factor of d and 1.
1
Let a be 45/(-10)*(-12)/(-9). Let p = a + 12. Let t be 3/p - (-46)/4. What is the highest common factor of 12 and t?
12
Suppose 2*k - 95 = 55. Let j be (8/10)/(2/k). Let y be j/40 - (-2)/8. What is the highest common divisor of 8 and y?
1
Let u = 27 + -64. Suppose 4*k = 65 + 87. Let z = u + k. What is the greatest common divisor of z and 7?
1
Suppose -r - p + 31 = -5*p, 5*p + 113 = 4*r. Let b(f) = -f**2 + 5*f + 10. Let d be b(6). Let t = d + 14. Calculate the greatest common factor of t and r.
9
Suppose 3 = -c + 2*c. Suppose -2*m - c*f + 42 = 0, m + f + 34 = 3*m. Calculate the highest common divisor of m and 72.
18
Let q be -1*(3 + -3 + 1). Let i(s) be the first derivative of -27*s**4/4 - 2*s**3/3 + s + 8. Let u be i(q). Calculate the highest common factor of 78 and u.
26
Suppose -4*x + 7*m + 110 = 4*m, -5*x + 153 = 4*m. Suppose -h - 37 = -298. Calculate the greatest common divisor of x and h.
29
Suppose 3*v = 6, 12 = -3*g - 3*v + 30. Let m be (g/6)/(1/18). Suppose 5*n + 15 - 45 = 0. What is the greatest common factor of m and n?
6
Let a be (-3 - 9)*3/(-6). Suppose 5*v = 25, 2*x - 4*v + 60 = a*x. What is the greatest common divisor of 10 and x?
10
Let r = -79 - -81. Let q be (6 - 14)/(0 - r) - -2. What is the greatest common divisor of q and 6?
6
Let j(k) = -3*k - 7. Let n be j(-3). Suppose 0*c + 54 = n*c. Let w = -16 + c. What is the highest common divisor of w and 88?
11
Let c be 3*(-5)/(-15) + 4. Suppose -3*i - 4*h = -68 + 4, c*i - 4*h = 96. What is the greatest common factor of i and 80?
20
Let a = 23 + 79. What is the greatest common factor of a and 136?
34
Let w be 9 + -9 - (-26 + 0). Calculate the greatest common factor of w and 1339.
13
Let z = 39 - 34. Suppose -s - 181 = -4*y, y - 48 + 8 = -z*s. Calculate the greatest common factor of y and 9.
9
Let u be ((-8)/6)/((-32)/120)*11. Suppose -3*j + 5 + 61 = 0. What is the highest common factor of j and u?
11
Suppose 0 = 4*h - 3*j + 9, 7*h - 3*j + 9 = 5*h. Let t be (-5)/30 + (79/6 - h). Let x be 6/(-4*(-2)/52). Calculate the highest common factor of x and t.
13
Let n be 2/(11/((-165)/(-10))). Suppose -2*s + 138 = -n*b, -2*b - b = -6. What is the greatest common divisor of 8 and s?
8
Let y(g) = -g**2. Let b be y(0). Suppose b = 2*j + 3*j + 2*q - 116, j = 5*q + 34. Let l = -11 + j. Calculate the greatest common divisor of l and 65.
13
Let l be 0 + 1/(1/(-2)) - -20. Suppose 5*a - 2*a = 0. Suppose -2*w + 24 = -3*d - a*d, -2*w = 3*d - 12. What is the greatest common divisor of l and w?
9
Suppose v + 5*t - 212 = 0, 198 = 13*v - 12*v - 2*t. What is the greatest common divisor of 6 and v?
2
Suppose 20*g = 120 + 220. Calculate the highest common factor of g and 833.
17
Suppose 14*b = 20*b - 132. Let u be (34 - 3) + (-2)/(-1). Calculate the highest common factor of u and b.
11
Let u(v) = -2*v**3 + 12*v**2 - 10. Let d be u(5). What is the highest common divisor of 580 and d?
20
Suppose 3*c - 47 - 18 = 2*s, -2*c + 38 = -4*s. Calculate the greatest common divisor of c and 253.
23
Let g(o) = o**2 - o - 1. Let t be g(5). Suppose 9 = 3*d - 9. Let x = t - d. What is the greatest common factor of 117 and x?
13
Let b be (-1)/(-3)*(9 - 9). Suppose b = -5*v + 15 + 30. Suppose a + 4*i - 84 = 0, -3*a - a - 4*i = -300. What is the highest common divisor of v and a?
9
Let x = -127 - -145. Suppose -2*p = -4*n + 30, -4*p = 2*n - 3*n + 18. What is the highest common divisor of x and n?
6
Let w(a) = -15*a - 64. Let k be w(-6). What is the greatest common factor of k and 130?
26
Suppose 0 = -4*x + 20, 0 = -5*f + 3*x - 7*x + 1640. What is the highest common factor of f and 84?
12
Let d be (84/7)/(5 + -3). Suppose 2*t + d*r = 3*r + 32, 4*t - 62 = -5*r. What is the greatest common divisor of 13 and t?
13
Let t(h) = -6*h + 6. Let x be t(-13). Let j = 48 + -88. Let z = 68 + j. Calculate the greatest common factor of z and x.
28
Let d(a) = a**2 - 7*a + 12. Let z be d(5). Let m(w) = -1 - 4*w**z + 4*w**2 + 3*w**2 - w. Let j be m(2). Calculate the highest common factor of j and 63.
9
Suppose 7*m = 3*l + 2*m - 19, l - 3*m = 1. Let h be (l - (-1 - -4))*2/4. Calculate the highest common divisor of h and 15.
5
Suppose 284 = -2*b + 7*b + 4*z, -2*z = 2*b - 114. Let t be ((-288)/b)/(8/(-140)). Calculate the greatest common factor of 18 and t.
18
Let s = 103 + -80. Let k = -2 + 7. Suppose -3*m - 590 = -k*y, -4*m = -y - 14 + 149. What is the highest common divisor of s and y?
23
Let m(v) = -35*v - 346. Let a be m(-23). Calculate the highest common divisor of 17 and a.
17
Let g = 297 - 267. Calculate the highest common divisor of g and 50.
10
Let d(t) = t + 1. Let c be d(2). Let v be (1 - 2/c)*0. Let i be 14 - (v - (1 + -1)). What is the highest common divisor of 21 and i?
7
Suppose -571 = -21*q + 1970. Let k = -11 + 22. What is the highest common divisor of q and k?
11
Suppose 12*f = -10*f + 220. Calculate the greatest common divisor of 470 and f.
10
Let g be (5 + 1)/(39/2990). What is the greatest common factor of g and 40?
20
Let f be 6*(6 + 900/24). Cal